-2)/8 + p/4. What is the units digit of -1 + b + -1 + 0?
1
Suppose -4*n = -z + 33, 2*z - 3*n - 132 = -2*z. Let d = z + -23. What is the units digit of d?
0
Suppose 0 = 22*g - 3352 - 1290. What is the tens digit of g?
1
Let v be 3*(40/3)/4. Let p = -7 + v. Let r = 10 - p. What is the units digit of r?
7
Suppose -6*l - 362 = -1976. What is the units digit of l?
9
Let x = 18 - -35. What is the tens digit of x?
5
What is the tens digit of 1212/21 + (-10)/(-35)?
5
Let v be ((-2)/(-5))/((-1)/(-5)). Suppose 5*x = 5*k - 35, 5*k - 51 = -x + v*x. What is the units digit of k?
1
Let l be (28/(-70))/(1/(-10)). Suppose 5*s = 2*a - 41, 27 - 5 = a - l*s. What is the units digit of a?
8
What is the tens digit of (0 - -8)/((-10)/(-95))?
7
Suppose -n + 4 = -2. Let x(u) = u**3 - 5*u**2 - 6*u + 5. Let c be x(6). Let f = n + c. What is the units digit of f?
1
Suppose 21 = k - 5. Let v = -14 + k. What is the tens digit of v?
1
Let u(g) = g**3 + 11*g**2 + 10*g + 5. Let r be u(-10). Let y(d) = d**2 + 4*d - 3. What is the tens digit of y(r)?
4
Let o be 2/2*(4 - -1). Suppose a = -p + 3, o*p - p = -2*a - 2. What is the units digit of a?
7
Suppose -3*j + 39 = -5*r + 7*r, -2*j - 4*r + 34 = 0. What is the units digit of j?
1
Let n be 2*(-3 + 2) - -4. Suppose 72 = 2*g + n*z + z, g = z + 26. What is the tens digit of g?
3
Suppose -z + 1 = 6. Let g = z - 4. What is the units digit of g*(-1)/(-1 - -2)?
9
Suppose 2*k + 3*c - 99 = 0, -3*k + 4*c = -54 - 52. Suppose 0*i - 3*i = -k. What is the tens digit of i?
1
Suppose 4*u - 11 = -3*f - 0*f, 0 = -4*u + f + 23. Suppose 4*i - 4*y - 54 = -6, -i = u*y. Suppose -5*b = -i - 25. What is the units digit of b?
7
Let b(r) be the third derivative of r**5/15 + r**3/6 - 2*r**2. Let y(c) be the first derivative of b(c). What is the units digit of y(1)?
8
Let w(s) be the second derivative of 1/2*s**4 + 3/2*s**2 + 2/3*s**3 + s + 0 + 1/20*s**5. What is the units digit of w(-5)?
8
Let n(h) = -h**3 - 14*h**2 + 12*h. Let s be n(-15). Let b = 78 - s. What is the tens digit of b?
3
Let o = -2 + 2. Let t be 1 + o - (0 + 3). Let b = 4 + t. What is the units digit of b?
2
Let o(i) = 7*i**2 + i - 12. What is the hundreds digit of o(6)?
2
Let a(r) = r**3 + r**2 + 15. What is the units digit of a(0)?
5
Suppose 168 = 4*p + 4*v, 91 = 5*p - 2*v - 105. What is the units digit of p?
0
Suppose h = 2*h - 19. What is the units digit of h?
9
Suppose -3*w = -4*u - 49, w - 4*u - 5 = 14. Suppose 0 = 5*z + w - 120. What is the units digit of z?
1
Let l(v) = -3*v**3 + 2. What is the units digit of l(-2)?
6
Let v be -3*(-3 - -2)/3. Suppose -4*d = v - 17. What is the units digit of d?
4
Suppose 0 = -2*i - 3*i + 20. Let f(o) = o**2 - 3*o + 4. What is the units digit of f(i)?
8
Suppose -5*t = -0*t - 20. Let m(u) = u**3 + u**2 - 1. Let n(a) = 4*a**3 - 3*a**2 + 5*a + 1. Let f(q) = 3*m(q) - n(q). What is the units digit of f(t)?
8
Let g(z) = -3*z - 7. Suppose -2*q + 16 = -2*s + 2*q, -3*s - 2*q = 16. What is the units digit of g(s)?
1
Suppose -2*v + 2*i = 266, 4*i + 439 = -3*v - i. Let l be (-3)/((45/v)/5). Let o = -33 + l. What is the tens digit of o?
1
What is the units digit of 47/5 - 9/(-15)?
0
Let g(r) = -11*r - 6. What is the units digit of g(-3)?
7
Let r(k) = k**3 - 7*k**2 + 5*k - 5. Let j be r(6). Let c = j + 20. What is the units digit of (-7)/(-9) + 2/c?
1
Let a be (-14)/49 - 23/(-7). Suppose -k + 10 = -0*k - a*j, -2*j = k. What is the units digit of k?
4
Let l = 5 - 1. Suppose 7 = 3*u - 5*q - 4, -8 = -l*q. Suppose -3*b + u = 1. What is the units digit of b?
2
Let b = -6 + 1. Let g(o) = o**2 + o. Let q(y) = -4*y**2 - 5*y - 5. Let t(x) = b*g(x) - q(x). What is the units digit of t(0)?
5
Let p be (0/1)/(0 + -1). Suppose 3*h + 3 = -p*h. Let n = h + 3. What is the units digit of n?
2
Suppose 5 = -3*j - 4, -a - 3 = j. What is the units digit of 13 - -1 - (a - -2)?
2
Let l = -311 + 467. What is the units digit of l?
6
Suppose 2*y - 334 = -3*t, -3*y + 0 - 3 = 0. What is the hundreds digit of t?
1
Suppose 3*u = -111 + 309. What is the units digit of u?
6
Suppose -b + 10 = -5*l, 3*b - 6*b + 3*l = -6. Suppose 0 = -b*u + 2*u + 3*z, z = 0. What is the units digit of (-14)/(-2) + (-2 - u)?
5
Let a(j) = -j - 4. Let c be a(-4). Suppose c*d = -d + 18. What is the units digit of d?
8
Suppose -6 = -3*x + 2*k, x + k = -3*k + 2. What is the units digit of x?
2
Let b(f) = -f**3 - 5*f**2 - f + 4. Let s be b(-4). Let m(q) = -q + 4. Let p be m(s). Suppose -4*w + p = -w. What is the units digit of w?
4
Let i(p) = -p**2 - 4*p + 3. Let m be i(-3). Let k = m - 9. Let a = 10 + k. What is the units digit of a?
7
Suppose -8*z + 5*z = -186. What is the tens digit of z?
6
Let y = 7 - 2. What is the units digit of y?
5
Let l = -9 + 33. What is the units digit of l?
4
Suppose 5*r - j = 55 + 87, 2*r - j - 55 = 0. What is the tens digit of r?
2
Let k(o) = -2*o**2 - 1. Let w be k(2). Let h = w - -13. What is the units digit of h?
4
Let t = 115 + -61. What is the tens digit of t?
5
Suppose -r + 2 = 3, -33 = -2*d - 3*r. What is the units digit of d?
8
Let j = -1000 + 1430. What is the hundreds digit of j?
4
Suppose -192 - 6 = -3*z. Suppose 0 = -3*t + 6*t + 4*o - z, 0 = 5*t + o - 93. Suppose 3*q - q = t. What is the units digit of q?
9
Let i = 10 - 5. Suppose 3 = i*g - 27. Let b = 8 - g. What is the units digit of b?
2
Suppose y = -4*m + 103, -3*y + 5 = -4. What is the tens digit of m?
2
Let z = 5 - 2. Suppose b + z*b - 52 = 0. What is the tens digit of b?
1
Suppose -m = 2*r - 1, -5*m + 14 = 5*r - 1. Let h be -2*2*26/r. Suppose -h = -2*w - 2*w. What is the units digit of w?
3
Suppose 3*x + 41 = -43. Let v = 63 + x. What is the tens digit of v?
3
Suppose 5*r + 0 + 10 = 0. Let z be r - (-7)/1 - 1. Suppose -4 = z*b - 20. What is the units digit of b?
4
Let u(v) = -3*v. Let m(o) = o - 6. Let t be m(-6). Let k = t + 9. What is the units digit of u(k)?
9
Let s be (-184)/(-10) - 2/5. Let g = s + -9. What is the units digit of g?
9
Suppose 3 = b + 4. Let f be b/(2 + (-22)/10). Suppose 0 = 2*h - g - 2 - 0, -5*h + 2*g + f = 0. What is the units digit of h?
1
Let j = 4 - 5. Let q(z) = -8*z + 1. What is the units digit of q(j)?
9
Let l(j) = j**3 + 4*j**2 - 5*j + 4. Suppose 11 = 4*y - 13. Let d = 1 - y. What is the units digit of l(d)?
4
Suppose 2*d = 0, -4*d + 0*d = p - 35. What is the units digit of p?
5
Suppose 0 = -4*w + 22 - 58. Let v be (-1 - w/3) + 3. Let x(q) = q**3 - 5*q**2 + 2*q + 1. What is the units digit of x(v)?
1
Let f(p) be the second derivative of -p**3/6 + 9*p**2/2 + 3*p. Let d be f(6). Suppose 0 = d*o - 2*o - 6. What is the units digit of o?
6
Let c = 1 + 1. Suppose c*r + z = 5, r = z - 0*z + 4. Let u = r - 0. What is the units digit of u?
3
Suppose 762 = 5*h - r - 626, -h + 280 = -r. What is the units digit of h?
7
What is the units digit of (1 - -1)/((-10)/(-935))?
7
Suppose 19*c - 17*c = 214. What is the tens digit of c?
0
Suppose 3*y - 4*y + 8 = 0. What is the units digit of y?
8
Suppose -3*x = 2*x - 85. What is the tens digit of x?
1
Suppose 0 = 3*n - 10 + 4. What is the units digit of 5/n*(-16)/(-5)?
8
Let b = 3 + -11. Let g = b - -13. Suppose -50 = -g*i - 0. What is the tens digit of i?
1
Let w(g) be the third derivative of -g**7/840 - g**6/72 + g**4/4 - g**3/6 + g**2. Let q(c) be the first derivative of w(c). What is the units digit of q(-5)?
6
Suppose -4*y - y = -5*q - 1190, -2*y + 4*q = -468. What is the tens digit of y?
4
Let q(l) = 11*l - 1. Let i be q(2). Let t = 41 - i. What is the tens digit of t?
2
Suppose 0*r + 710 = 5*r. What is the tens digit of r?
4
Let u(g) = g + 1. Let o be u(3). Suppose -c - 4*c = 4*x - 198, o*c = 2*x + 174. Suppose 2*z = -4 + c. What is the tens digit of z?
1
Let i be 6/(-2)*68/(-6). Suppose 0 = -d + 3*d - i. Let f = d - 9. What is the units digit of f?
8
Suppose -5*p + 2*f = -f + 80, 0 = -p + f - 18. Let x = 22 + p. Suppose -z + x = -3*j + 4*j, -j - 3 = -5*z. What is the units digit of j?
7
Suppose -5*i + 0*i - 50 = 0. What is the tens digit of (0 - (-1 + i))/1?
1
Suppose -2*h + 365 = -37. What is the units digit of h/18 - (-2)/(-12)?
1
Let c(f) = f**3 - 9*f**2 + 2*f - 8. Let y = 10 - 1. What is the units digit of c(y)?
0
Suppose 157 = 5*q + s, -3*q - 2*s = s - 87. What is the units digit of q?
2
Let w(v) = 26*v**2 - v. What is the units digit of w(1)?
5
Su